{"id":5564,"date":"2023-05-21T18:15:45","date_gmt":"2023-05-21T15:15:45","guid":{"rendered":"https:\/\/bakudanismanlik.com\/?page_id=5564"},"modified":"2023-05-22T21:07:28","modified_gmt":"2023-05-22T18:07:28","slug":"calisma-izni-basvurusu-nasil-yapilir","status":"publish","type":"page","link":"https:\/\/bakudanismanlik.com\/index.php\/calisma-izni-basvurusu-nasil-yapilir\/","title":{"rendered":"\u00c7al\u0131\u015fma \u0130zni Ba\u015fvurusu Nas\u0131l Yap\u0131l\u0131r?"},"content":{"rendered":"\t\t<div data-elementor-type=\"wp-page\" data-elementor-id=\"5564\" class=\"elementor elementor-5564\">\n\t\t\t\t\t\t<section class=\"elementor-section elementor-top-section elementor-element elementor-element-e1dd29d elementor-section-boxed elementor-section-height-default elementor-section-height-default\" data-id=\"e1dd29d\" data-element_type=\"section\">\n\t\t\t\t\t\t<div class=\"elementor-container elementor-column-gap-default\">\n\t\t\t\t\t<div class=\"elementor-column elementor-col-50 elementor-top-column elementor-element elementor-element-72ce8f4\" data-id=\"72ce8f4\" data-element_type=\"column\">\n\t\t\t<div class=\"elementor-widget-wrap elementor-element-populated\">\n\t\t\t\t\t\t<div class=\"elementor-element elementor-element-a673ea2 elementor-widget elementor-widget-heading\" data-id=\"a673ea2\" data-element_type=\"widget\" data-widget_type=\"heading.default\">\n\t\t\t\t<div class=\"elementor-widget-container\">\n\t\t\t<style>\/*! elementor - v3.21.0 - 30-04-2024 *\/\n.elementor-heading-title{padding:0;margin:0;line-height:1}.elementor-widget-heading .elementor-heading-title[class*=elementor-size-]>a{color:inherit;font-size:inherit;line-height:inherit}.elementor-widget-heading .elementor-heading-title.elementor-size-small{font-size:15px}.elementor-widget-heading .elementor-heading-title.elementor-size-medium{font-size:19px}.elementor-widget-heading .elementor-heading-title.elementor-size-large{font-size:29px}.elementor-widget-heading .elementor-heading-title.elementor-size-xl{font-size:39px}.elementor-widget-heading .elementor-heading-title.elementor-size-xxl{font-size:59px}<\/style><h2 class=\"elementor-heading-title elementor-size-default\">\u00c7al\u0131\u015fma \u0130zni Ba\u015fvurusu <br>Nas\u0131l Yap\u0131l\u0131r?<\/h2>\t\t<\/div>\n\t\t\t\t<\/div>\n\t\t\t\t<div class=\"elementor-element elementor-element-fee4d3a elementor-widget elementor-widget-text-editor\" data-id=\"fee4d3a\" data-element_type=\"widget\" data-widget_type=\"text-editor.default\">\n\t\t\t\t<div class=\"elementor-widget-container\">\n\t\t\t<style>\/*! elementor - v3.21.0 - 30-04-2024 *\/\n.elementor-widget-text-editor.elementor-drop-cap-view-stacked .elementor-drop-cap{background-color:#69727d;color:#fff}.elementor-widget-text-editor.elementor-drop-cap-view-framed .elementor-drop-cap{color:#69727d;border:3px solid;background-color:transparent}.elementor-widget-text-editor:not(.elementor-drop-cap-view-default) .elementor-drop-cap{margin-top:8px}.elementor-widget-text-editor:not(.elementor-drop-cap-view-default) .elementor-drop-cap-letter{width:1em;height:1em}.elementor-widget-text-editor .elementor-drop-cap{float:left;text-align:center;line-height:1;font-size:50px}.elementor-widget-text-editor .elementor-drop-cap-letter{display:inline-block}<\/style>\t\t\t\t<p>T\u00fcrkiye&#8217;de \u00e7al\u0131\u015fma izni ba\u015fvurusu yapmak istediklerinde a\u015fa\u011f\u0131daki ad\u0131mlar\u0131 takip etmelidir:<\/p><ol><li><p>\u00c7al\u0131\u015fma \u0130zni T\u00fcrleri: \u0130lk ad\u0131m, yabanc\u0131 uyruklu ki\u015finin hangi t\u00fcr \u00e7al\u0131\u015fma izni i\u00e7in ba\u015fvurmak istedi\u011fini belirlemektir. T\u00fcrkiye&#8217;de farkl\u0131 \u00e7al\u0131\u015fma izni t\u00fcrleri bulunmaktad\u0131r, bunlar aras\u0131nda genel \u00e7al\u0131\u015fma izni, \u00f6\u011frenci \u00e7al\u0131\u015fma izni, uzmanl\u0131k \u00e7al\u0131\u015fma izni ve ge\u00e7ici koruma stat\u00fcs\u00fcndeki yabanc\u0131lar\u0131n \u00e7al\u0131\u015fma izni bulunmaktad\u0131r. Ba\u015fvuru sahibinin durumuna en uygun olan \u00e7al\u0131\u015fma izni t\u00fcr\u00fcn\u00fc belirlemesi \u00f6nemlidir.<\/p><\/li><li><p>\u0130\u015fveren Ba\u015fvurusu: \u00c7al\u0131\u015fma izni ba\u015fvurusu, yabanc\u0131 uyruklu ki\u015finin \u00e7al\u0131\u015faca\u011f\u0131 i\u015fveren taraf\u0131ndan yap\u0131l\u0131r. \u0130\u015fveren, yabanc\u0131 \u00e7al\u0131\u015fan\u0131n \u00e7al\u0131\u015fma izni i\u00e7in \u0130\u00e7i\u015fleri Bakanl\u0131\u011f\u0131 G\u00f6\u00e7 \u0130daresi Genel M\u00fcd\u00fcrl\u00fc\u011f\u00fc&#8217;ne (G\u0130GM) ba\u015fvurmal\u0131d\u0131r. Bu ba\u015fvuruda, i\u015fverenin ve yabanc\u0131 \u00e7al\u0131\u015fan\u0131n ki\u015fisel ve i\u015f bilgileri, \u00e7al\u0131\u015fma ko\u015fullar\u0131 ve di\u011fer gerekli belgeler sunulmal\u0131d\u0131r.<\/p><\/li><li><p>Gerekli Belgeler: \u0130\u015fveren, \u00e7al\u0131\u015fma izni ba\u015fvurusu i\u00e7in a\u015fa\u011f\u0131daki belgeleri sa\u011flamal\u0131d\u0131r:<\/p><ul><li>\u0130\u015fveren taraf\u0131ndan doldurulmu\u015f ba\u015fvuru formu<\/li><li>\u0130\u015fverenin ticari sicil gazetesi ve imza sirk\u00fcleri fotokopisi<\/li><li>\u0130\u015fverenin vergi levhas\u0131 fotokopisi<\/li><li>\u0130\u015f s\u00f6zle\u015fmesi veya hizmet al\u0131m s\u00f6zle\u015fmesi fotokopisi<\/li><li>Yabanc\u0131 uyruklu \u00e7al\u0131\u015fan\u0131n pasaportunun fotokopisi<\/li><li>Yabanc\u0131 uyruklu \u00e7al\u0131\u015fan\u0131n T\u00fcrkiye&#8217;deki adresini g\u00f6steren belge (ikametgah, tapu gibi)<\/li><li>Yabanc\u0131 uyruklu \u00e7al\u0131\u015fan\u0131n e\u011fitim ve deneyim belgeleri<\/li><li>Yabanc\u0131 uyruklu \u00e7al\u0131\u015fan\u0131n sa\u011fl\u0131k sigortas\u0131 belgesi<\/li><\/ul><\/li><li><p>Ba\u015fvuru S\u00fcreci: \u0130\u015fveren, gerekli belgeleri tamamlad\u0131ktan sonra \u00e7al\u0131\u015fma izni ba\u015fvurusunu \u0130\u00e7i\u015fleri Bakanl\u0131\u011f\u0131 G\u00f6\u00e7 \u0130daresi Genel M\u00fcd\u00fcrl\u00fc\u011f\u00fc&#8217;ne yapmal\u0131d\u0131r. Ba\u015fvurunun sonucu genellikle ba\u015fvurudan itibaren 30 g\u00fcn i\u00e7inde bildirilir. Ba\u015fvuru sonucu olumlu ise, yabanc\u0131 uyruklu ki\u015fi \u00e7al\u0131\u015fma izni al\u0131r ve \u00e7al\u0131\u015fmaya ba\u015flayabilir.<\/p><\/li><li><p>\u0130zin S\u00fcresi Uzatma: \u00c7al\u0131\u015fma izni belirli bir s\u00fcre i\u00e7in verilir. \u0130zin s\u00fcresinin bitimine yakla\u015ft\u0131\u011f\u0131nda, yabanc\u0131 uyruklu \u00e7al\u0131\u015fan veya i\u015fveren, \u00e7al\u0131\u015fma iznini uzatmak i\u00e7in yeniden ba\u015fvuruda bulunmal\u0131d\u0131r. \u0130zin s\u00fcresi uzatma ba\u015fvurusu, izin s\u00fcresinin bitiminden en az 60 g\u00fcn \u00f6nce yap\u0131lmal\u0131d\u0131r.<\/p><\/li><\/ol><p>Bu ad\u0131mlar\u0131 takip ederek, yabanc\u0131 uyruklu ki\u015filer T\u00fcrkiye&#8217;de \u00e7al\u0131\u015fma izni ba\u015fvurusunu ger\u00e7ekle\u015ftirebilirler. Ancak, \u00e7al\u0131\u015fma izni s\u00fcreci bazen karma\u015f\u0131k olabilir ve ba\u015fvurular\u0131n sonucu duruma ve belgelere ba\u011fl\u0131 olarak de\u011fi\u015febilir. Bu nedenle, ba\u015fvuru sahipleri ve i\u015fverenlerin ba\u015fvuru s\u00fcreci hakk\u0131nda g\u00fcncel bilgilere ve gereksinimlere dikkat etmeleri \u00f6nemlidir.<\/p>\t\t\t\t\t\t<\/div>\n\t\t\t\t<\/div>\n\t\t\t\t<div class=\"elementor-element elementor-element-51ecd31 elementor-widget elementor-widget-button\" data-id=\"51ecd31\" data-element_type=\"widget\" data-widget_type=\"button.default\">\n\t\t\t\t<div class=\"elementor-widget-container\">\n\t\t\t\t\t<div class=\"elementor-button-wrapper\">\n\t\t\t<a class=\"elementor-button elementor-button-link elementor-size-md\" href=\"https:\/\/api.whatsapp.com\/send\/?phone=905433120420&#038;text=Merhaba&#038;type=phone_number&#038;app_absent=0\">\n\t\t\t\t\t\t<span class=\"elementor-button-content-wrapper\">\n\t\t\t\t\t\t<span class=\"elementor-button-icon elementor-align-icon-left\">\n\t\t\t\t<i aria-hidden=\"true\" class=\"fab fa-whatsapp\"><\/i>\t\t\t<\/span>\n\t\t\t\t\t\t\t\t\t<span class=\"elementor-button-text\">WhatsApp Destek Hatt\u0131<\/span>\n\t\t\t\t\t<\/span>\n\t\t\t\t\t<\/a>\n\t\t<\/div>\n\t\t\t\t<\/div>\n\t\t\t\t<\/div>\n\t\t\t\t\t<\/div>\n\t\t<\/div>\n\t\t\t\t<div class=\"elementor-column elementor-col-50 elementor-top-column elementor-element elementor-element-bef0398\" data-id=\"bef0398\" data-element_type=\"column\">\n\t\t\t<div class=\"elementor-widget-wrap elementor-element-populated\">\n\t\t\t\t\t\t<div class=\"elementor-element elementor-element-9d5dbbc elementor-widget elementor-widget-image\" data-id=\"9d5dbbc\" data-element_type=\"widget\" data-widget_type=\"image.default\">\n\t\t\t\t<div class=\"elementor-widget-container\">\n\t\t\t<style>\/*! elementor - v3.21.0 - 30-04-2024 *\/\n.elementor-widget-image{text-align:center}.elementor-widget-image a{display:inline-block}.elementor-widget-image a img[src$=\".svg\"]{width:48px}.elementor-widget-image img{vertical-align:middle;display:inline-block}<\/style>\t\t\t\t\t\t\t\t\t\t<img fetchpriority=\"high\" decoding=\"async\" width=\"603\" height=\"534\" src=\"https:\/\/bakudanismanlik.com\/wp-content\/uploads\/2023\/05\/home1_img_1-1.png\" class=\"attachment-large size-large wp-image-5550\" alt=\"\" srcset=\"https:\/\/bakudanismanlik.com\/wp-content\/uploads\/2023\/05\/home1_img_1-1.png 603w, https:\/\/bakudanismanlik.com\/wp-content\/uploads\/2023\/05\/home1_img_1-1-300x266.png 300w, https:\/\/bakudanismanlik.com\/wp-content\/uploads\/2023\/05\/home1_img_1-1-600x531.png 600w, https:\/\/bakudanismanlik.com\/wp-content\/uploads\/2023\/05\/home1_img_1-1-560x496.png 560w\" sizes=\"(max-width: 603px) 100vw, 603px\" \/>\t\t\t\t\t\t\t\t\t\t\t\t\t<\/div>\n\t\t\t\t<\/div>\n\t\t\t\t\t<\/div>\n\t\t<\/div>\n\t\t\t\t\t<\/div>\n\t\t<\/section>\n\t\t\t\t<section class=\"elementor-section elementor-top-section elementor-element elementor-element-d023e91 elementor-section-boxed elementor-section-height-default elementor-section-height-default\" data-id=\"d023e91\" data-element_type=\"section\" data-settings=\"{&quot;background_background&quot;:&quot;classic&quot;}\">\n\t\t\t\t\t\t<div class=\"elementor-container elementor-column-gap-default\">\n\t\t\t\t\t<div class=\"elementor-column elementor-col-50 elementor-top-column elementor-element elementor-element-f702eaa\" data-id=\"f702eaa\" data-element_type=\"column\">\n\t\t\t<div class=\"elementor-widget-wrap elementor-element-populated\">\n\t\t\t\t\t\t<div class=\"elementor-element elementor-element-f240282 elementor-widget elementor-widget-ova_heading\" data-id=\"f240282\" data-element_type=\"widget\" data-widget_type=\"ova_heading.default\">\n\t\t\t\t<div class=\"elementor-widget-container\">\n\t\t\t\t\t<div class=\"ova-heading\">\n\t\t\t\n\t\t\t\t\t\t\t<h3 class=\"title second_font\">Yabanc\u0131lara \u00d6zel T\u00fcrkiye Deneyimi<\/h3>\n\t\t\t\n\t\t\t\t\t\t\t<p class=\"sub-title \">Baku Dan\u0131\u015fmanl\u0131k, T\u00fcrkiye'de hizmet veren ve yabanc\u0131 uyruklu ki\u015filere geni\u015f bir yelpazede \u00f6zel dan\u0131\u015fmanl\u0131k hizmetleri sunan \u00f6nc\u00fc bir \u015firkettir.<\/p>\n\t\t\t\n\t\t<\/div>\n\t\t\t\t<\/div>\n\t\t\t\t<\/div>\n\t\t\t\t<div class=\"elementor-element elementor-element-5dabbdd elementor-align-right elementor-widget__width-auto egovt-button-color-border-header elementor-widget elementor-widget-button\" data-id=\"5dabbdd\" data-element_type=\"widget\" data-widget_type=\"button.default\">\n\t\t\t\t<div class=\"elementor-widget-container\">\n\t\t\t\t\t<div class=\"elementor-button-wrapper\">\n\t\t\t<a class=\"elementor-button elementor-button-link elementor-size-sm\" href=\"https:\/\/api.whatsapp.com\/send\/?phone=905433120420&#038;text=Merhaba&#038;type=phone_number&#038;app_absent=0\">\n\t\t\t\t\t\t<span class=\"elementor-button-content-wrapper\">\n\t\t\t\t\t\t\t\t\t<span class=\"elementor-button-text\">WhatsApp Bilgi Al<\/span>\n\t\t\t\t\t<\/span>\n\t\t\t\t\t<\/a>\n\t\t<\/div>\n\t\t\t\t<\/div>\n\t\t\t\t<\/div>\n\t\t\t\t<div class=\"elementor-element elementor-element-90809cd elementor-widget__width-auto elementor-absolute elementor-widget elementor-widget-heading\" data-id=\"90809cd\" data-element_type=\"widget\" data-settings=\"{&quot;_position&quot;:&quot;absolute&quot;}\" data-widget_type=\"heading.default\">\n\t\t\t\t<div class=\"elementor-widget-container\">\n\t\t\t<h2 class=\"elementor-heading-title elementor-size-default\">03<\/h2>\t\t<\/div>\n\t\t\t\t<\/div>\n\t\t\t\t\t<\/div>\n\t\t<\/div>\n\t\t\t\t<div class=\"elementor-column elementor-col-50 elementor-top-column elementor-element elementor-element-6c2d943\" data-id=\"6c2d943\" data-element_type=\"column\">\n\t\t\t<div class=\"elementor-widget-wrap elementor-element-populated\">\n\t\t\t\t\t\t<section class=\"elementor-section elementor-inner-section elementor-element elementor-element-07438c0 elementor-section-boxed elementor-section-height-default elementor-section-height-default\" data-id=\"07438c0\" data-element_type=\"section\">\n\t\t\t\t\t\t<div class=\"elementor-container elementor-column-gap-default\">\n\t\t\t\t\t<div class=\"elementor-column elementor-col-33 elementor-inner-column elementor-element elementor-element-a566377\" data-id=\"a566377\" data-element_type=\"column\">\n\t\t\t<div class=\"elementor-widget-wrap elementor-element-populated\">\n\t\t\t\t\t\t<div class=\"elementor-element elementor-element-9609d44 elementor-widget elementor-widget-ova_feature\" data-id=\"9609d44\" data-element_type=\"widget\" data-widget_type=\"ova_feature.default\">\n\t\t\t\t<div class=\"elementor-widget-container\">\n\t\t\t\n\t\t\t\t\t<div class=\"ova_feature version_3\">\n\t\t\t<div class=\"items\">\n\t\t\t\t\n\t\t\t\t\t\t\t<div class=\"icon\">\n\t\t\t\t\t<span class=\"flaticon-checked\"><\/span>\n\t\t\t\t<\/div>\n\t\t\t\t\n\t\t\t\t\t\t\t\t\t<h3 class=\"title\">\n\t\t\t\t\t\t<a class=\"second_font\" href=\"#\">\n\t\t\t\t\t\t\tH\u0131zl\u0131 \u00c7\u00f6z\u00fcm\t\t\t\t\t\t<\/a>\n\t\t\t\t\t<\/h3>\n\t\t\t\t\n\t\t\t\t\t\t\t\t\t<div class=\"excerpt\">\n\t\t\t\t\t\t<p>\n\t\t\t\t\t\t\tAmac\u0131m\u0131z, sizin T\u00fcrkiye&#039;deki deneyiminizi kolayla\u015ft\u0131rmak ve ba\u015far\u0131ya ula\u015fman\u0131za yard\u0131mc\u0131 olmakt\u0131r.\t\t\t\t\t\t<\/p>\n\t\t\t\t\t<\/div>\n\t\t\t\t\n\t\t\t<\/div>\n\t\t<\/div>\n\t\t\t\t<\/div>\n\t\t\t\t<\/div>\n\t\t\t\t\t<\/div>\n\t\t<\/div>\n\t\t\t\t<div class=\"elementor-column elementor-col-33 elementor-inner-column elementor-element elementor-element-b06e9b0\" data-id=\"b06e9b0\" data-element_type=\"column\">\n\t\t\t<div class=\"elementor-widget-wrap elementor-element-populated\">\n\t\t\t\t\t\t<div class=\"elementor-element elementor-element-7042202 elementor-widget elementor-widget-ova_feature\" data-id=\"7042202\" data-element_type=\"widget\" data-widget_type=\"ova_feature.default\">\n\t\t\t\t<div class=\"elementor-widget-container\">\n\t\t\t\n\t\t\t\t\t<div class=\"ova_feature version_3\">\n\t\t\t<div class=\"items\">\n\t\t\t\t\n\t\t\t\t\t\t\t<div class=\"icon\">\n\t\t\t\t\t<span class=\"flaticon-fair\"><\/span>\n\t\t\t\t<\/div>\n\t\t\t\t\n\t\t\t\t\t\t\t\t\t<h3 class=\"title\">\n\t\t\t\t\t\t<a class=\"second_font\" href=\"#\">\n\t\t\t\t\t\t\tMemnuniyet Garantisi\t\t\t\t\t\t<\/a>\n\t\t\t\t\t<\/h3>\n\t\t\t\t\n\t\t\t\t\t\t\t\t\t<div class=\"excerpt\">\n\t\t\t\t\t\t<p>\n\t\t\t\t\t\t\tBaku Dan\u0131\u015fmanl\u0131k olarak, her m\u00fc\u015fterimizin \u00f6zel ihtiya\u00e7lar\u0131na dikkat eder ve m\u00fc\u015fteri memnuniyetini en \u00fcst d\u00fczeyde tutar\u0131z.\t\t\t\t\t\t<\/p>\n\t\t\t\t\t<\/div>\n\t\t\t\t\n\t\t\t<\/div>\n\t\t<\/div>\n\t\t\t\t<\/div>\n\t\t\t\t<\/div>\n\t\t\t\t\t<\/div>\n\t\t<\/div>\n\t\t\t\t<div class=\"elementor-column elementor-col-33 elementor-inner-column elementor-element elementor-element-786978f\" data-id=\"786978f\" data-element_type=\"column\">\n\t\t\t<div class=\"elementor-widget-wrap elementor-element-populated\">\n\t\t\t\t\t\t<div class=\"elementor-element elementor-element-d50bd64 elementor-widget elementor-widget-ova_feature\" data-id=\"d50bd64\" data-element_type=\"widget\" data-widget_type=\"ova_feature.default\">\n\t\t\t\t<div class=\"elementor-widget-container\">\n\t\t\t\n\t\t\t\t\t<div class=\"ova_feature version_3\">\n\t\t\t<div class=\"items\">\n\t\t\t\t\n\t\t\t\t\t\t\t<div class=\"icon\">\n\t\t\t\t\t<span class=\"flaticon-tree-1\"><\/span>\n\t\t\t\t<\/div>\n\t\t\t\t\n\t\t\t\t\t\t\t\t\t<h3 class=\"title\">\n\t\t\t\t\t\t<a class=\"second_font\" href=\"#\">\n\t\t\t\t\t\t\tProfesyonel \u00c7\u00f6z\u00fcm\t\t\t\t\t\t<\/a>\n\t\t\t\t\t<\/h3>\n\t\t\t\t\n\t\t\t\t\t\t\t\t\t<div class=\"excerpt\">\n\t\t\t\t\t\t<p>\n\t\t\t\t\t\t\tT\u00fcrkiye&#039;nin g\u00fcncel yasal d\u00fczenlemelerini yak\u0131ndan takip ederek, size en g\u00fcncel bilgileri ve en etkili \u00e7\u00f6z\u00fcmleri sunar\u0131z.\t\t\t\t\t\t<\/p>\n\t\t\t\t\t<\/div>\n\t\t\t\t\n\t\t\t<\/div>\n\t\t<\/div>\n\t\t\t\t<\/div>\n\t\t\t\t<\/div>\n\t\t\t\t\t<\/div>\n\t\t<\/div>\n\t\t\t\t\t<\/div>\n\t\t<\/section>\n\t\t\t\t\t<\/div>\n\t\t<\/div>\n\t\t\t\t\t<\/div>\n\t\t<\/section>\n\t\t\t\t<\/div>\n\t\t","protected":false},"excerpt":{"rendered":"<p>\u00c7al\u0131\u015fma \u0130zni Ba\u015fvurusu Nas\u0131l Yap\u0131l\u0131r? T\u00fcrkiye&#8217;de \u00e7al\u0131\u015fma izni ba\u015fvurusu yapmak istediklerinde a\u015fa\u011f\u0131daki ad\u0131mlar\u0131 takip etmelidir: \u00c7al\u0131\u015fma \u0130zni T\u00fcrleri: \u0130lk ad\u0131m, yabanc\u0131 uyruklu ki\u015finin hangi t\u00fcr \u00e7al\u0131\u015fma izni i\u00e7in ba\u015fvurmak istedi\u011fini belirlemektir. T\u00fcrkiye&#8217;de farkl\u0131 \u00e7al\u0131\u015fma izni t\u00fcrleri bulunmaktad\u0131r, bunlar aras\u0131nda genel \u00e7al\u0131\u015fma izni, \u00f6\u011frenci \u00e7al\u0131\u015fma izni, uzmanl\u0131k \u00e7al\u0131\u015fma izni ve ge\u00e7ici koruma stat\u00fcs\u00fcndeki yabanc\u0131lar\u0131n \u00e7al\u0131\u015fma izni [&hellip;]<\/p>\n","protected":false},"author":1,"featured_media":352,"parent":0,"menu_order":0,"comment_status":"closed","ping_status":"closed","template":"elementor_header_footer","meta":{"footnotes":""},"class_list":["post-5564","page","type-page","status-publish","has-post-thumbnail","hentry"],"_links":{"self":[{"href":"https:\/\/bakudanismanlik.com\/index.php\/wp-json\/wp\/v2\/pages\/5564","targetHints":{"allow":["GET"]}}],"collection":[{"href":"https:\/\/bakudanismanlik.com\/index.php\/wp-json\/wp\/v2\/pages"}],"about":[{"href":"https:\/\/bakudanismanlik.com\/index.php\/wp-json\/wp\/v2\/types\/page"}],"author":[{"embeddable":true,"href":"https:\/\/bakudanismanlik.com\/index.php\/wp-json\/wp\/v2\/users\/1"}],"replies":[{"embeddable":true,"href":"https:\/\/bakudanismanlik.com\/index.php\/wp-json\/wp\/v2\/comments?post=5564"}],"version-history":[{"count":7,"href":"https:\/\/bakudanismanlik.com\/index.php\/wp-json\/wp\/v2\/pages\/5564\/revisions"}],"predecessor-version":[{"id":5778,"href":"https:\/\/bakudanismanlik.com\/index.php\/wp-json\/wp\/v2\/pages\/5564\/revisions\/5778"}],"wp:featuredmedia":[{"embeddable":true,"href":"https:\/\/bakudanismanlik.com\/index.php\/wp-json\/wp\/v2\/media\/352"}],"wp:attachment":[{"href":"https:\/\/bakudanismanlik.com\/index.php\/wp-json\/wp\/v2\/media?parent=5564"}],"curies":[{"name":"wp","href":"https:\/\/api.w.org\/{rel}","templated":true}]}}